{"id":3268,"date":"2021-04-21T17:05:20","date_gmt":"2021-04-21T15:05:20","guid":{"rendered":"https:\/\/sicilia.agesci.it\/brancars\/?page_id=3268"},"modified":"2021-04-21T17:05:20","modified_gmt":"2021-04-21T15:05:20","slug":"agora2021","status":"publish","type":"page","link":"https:\/\/sicilia.agesci.it\/brancars\/agora2021\/","title":{"rendered":"Agor\u00e02021"},"content":{"rendered":"<p style=\"text-align: center\"><span style=\"font-size: 36pt\"><strong>AGORA&#8217; 2021<\/strong><\/span><\/p>\n<p style=\"text-align: center\"><span style=\"font-size: 36pt\"><strong>&#8220;Le poche cose che contano&#8221;<\/strong><\/span><\/p>\n<p style=\"text-align: center\"><a href=\"https:\/\/sicilia.agesci.it\/brancars\/wp-content\/uploads\/sites\/4\/2021\/04\/WhatsApp-Image-2021-04-20-at-17.11.28.jpeg\"><img loading=\"lazy\" decoding=\"async\" class=\"alignnone size-medium wp-image-3269\" src=\"https:\/\/sicilia.agesci.it\/brancars\/wp-content\/uploads\/sites\/4\/2021\/04\/WhatsApp-Image-2021-04-20-at-17.11.28-300x300.jpeg\" alt=\"\" width=\"300\" height=\"300\" srcset=\"https:\/\/sicilia.agesci.it\/brancars\/wp-content\/uploads\/sites\/4\/2021\/04\/WhatsApp-Image-2021-04-20-at-17.11.28-300x300.jpeg 300w, https:\/\/sicilia.agesci.it\/brancars\/wp-content\/uploads\/sites\/4\/2021\/04\/WhatsApp-Image-2021-04-20-at-17.11.28-1024x1024.jpeg 1024w, https:\/\/sicilia.agesci.it\/brancars\/wp-content\/uploads\/sites\/4\/2021\/04\/WhatsApp-Image-2021-04-20-at-17.11.28-150x150.jpeg 150w, https:\/\/sicilia.agesci.it\/brancars\/wp-content\/uploads\/sites\/4\/2021\/04\/WhatsApp-Image-2021-04-20-at-17.11.28-768x768.jpeg 768w, https:\/\/sicilia.agesci.it\/brancars\/wp-content\/uploads\/sites\/4\/2021\/04\/WhatsApp-Image-2021-04-20-at-17.11.28-1536x1536.jpeg 1536w, https:\/\/sicilia.agesci.it\/brancars\/wp-content\/uploads\/sites\/4\/2021\/04\/WhatsApp-Image-2021-04-20-at-17.11.28-130x130.jpeg 130w, https:\/\/sicilia.agesci.it\/brancars\/wp-content\/uploads\/sites\/4\/2021\/04\/WhatsApp-Image-2021-04-20-at-17.11.28.jpeg 1600w\" sizes=\"auto, (max-width: 300px) 100vw, 300px\" \/><\/a><\/p>\n<p>&nbsp;<\/p>\n<p style=\"text-align: center\">Benvenuti nella pagina di approfondimento su &#8220;<strong>#AGORA&#8217; 2021 &#8211; Le poche cose che contano&#8221;<\/strong>, curare le ferite guarire il mondo.<\/p>\n<p style=\"text-align: center\">Qui di seguito troverete tutte le informazioni utili per partecipare a questa nuova edizione de l&#8217;<strong>Agor\u00e0 degli RS Siciliani<\/strong>, materiale informativo, linee guida, ecc.<\/p>\n<p>&nbsp;<\/p>\n<p style=\"text-align: center\">Per guardare il <strong><span style=\"color: #ff0000;font-size: 18pt\">TEASER UFFICIALE<\/span> <span style=\"color: #3366ff\"><a style=\"color: #3366ff\" href=\"https:\/\/drive.google.com\/file\/d\/1OQcQ6qL4MwVJiz7YqWLNq2LjlGp8pBSk\/view?usp=sharing\">clicca qui<\/a><\/span><\/strong>.<\/p>\n<div style=\"text-align: center\">&nbsp;<\/div>\n<div>&nbsp;<\/div>\n<div>\n<div><span style=\"color: #ff0000;font-size: 18pt\"><i><b>#Agor\u00e02021<\/b><\/i><\/span><\/div>\n<div>&nbsp;<\/div>\n<div>\n<p>Carissimi,<\/p>\n<p>la sfida della pandemia ha colpito la nostra quotidianit\u00e0 in maniera totalizzante. Tutto quello che prima era \u201cnormale\u201d oggi risulta trasformato, trasfigurato. Insieme a San Paolo siamo consapevoli che&nbsp;<em>\u201cLa creazione stessa attende con impazienza la rivelazione dei figli di Dio;&nbsp;essa infatti \u00e8 stata sottomessa alla caducit\u00e0 e nutre la speranza&nbsp;di essere lei pure liberata dalla schiavit\u00f9 della corruzione, per entrare nella libert\u00e0&nbsp;dei figli di Dio\u201d<\/em>&nbsp;e che, oggi pi\u00f9 che mai, siamo chiamati a ritrovare una relazione serena tra noi e con la nostra casa comune, illuminata dalla Speranza.&nbsp;<strong>\u201cPoich\u00e9 nella speranza noi siamo stati salvati\u201d.<\/strong><\/p>\n<p>&nbsp;<\/p>\n<p>Gettando il cuore oltre l\u2019ostacolo,&nbsp;<strong>vogliamo sognare un mondo in cui potremo riabbracciarci<\/strong>&nbsp;e tornare a fare le cose che facevamo prima con il coraggio per\u00f2 di&nbsp;<strong>non farle pi\u00f9 allo stesso modo<\/strong>, cogliendo la preziosa occasione di gettare alle spalle ci\u00f2 che non era sano per lasciare questo mondo un po\u2019 migliore.<\/p>\n<p>&nbsp;<\/p>\n<p>Per questo motivo, confrontandoci con gli IABZ RS, abbiamo deciso&nbsp;<strong>di chiedere a tutti i clan\/fuoco della regione un contributo di pensiero<\/strong>: la societ\u00e0, la Chiesa, l\u2019associazione hanno fortemente bisogno del pensiero dei nostri ragazzi che, troppo spesso, durante questo periodo sono stati ascoltati poco.<\/p>\n<p>&nbsp;<\/p>\n<p>Vogliamo chiedere loro quali sono \u2013secondo la loro diretta esperienza-&nbsp;<strong>le ferite che si sono aperte durante questo periodo e quali potranno essere le attenzioni e le cure per \u201cguarire il mondo\u201d<\/strong>&nbsp;dalle sue malattie che, con la diffusione del virus, si sono acuite: indifferenza, diseguaglianza, ingiustizia, povert\u00e0, solitudine&#8230;<\/p>\n<p>&nbsp;<\/p>\n<p>Vogliamo chiedere alle scolte e ai rover quali saranno quelle&nbsp;<strong>\u201cpoche cose che contano\u201d<\/strong>&nbsp;che dovranno essere i punti di riferimento per le nostre azioni future.<\/p>\n<p>&nbsp;<\/p>\n<p>Per fare tutto questo vogliamo coinvolgere i clan\/fuoco affinch\u00e9 eleggano un rappresentante che possa stimolare gli R\/S ad&nbsp;<strong>elaborare un pensiero da portare al livello regionale<\/strong>, cos\u00ec da produrre un contributo prezioso che avr\u00e0 una ricaduta sui clan\/fuoco stessi e sar\u00e0 spunto utile per l\u2019associazione tutta.<\/p>\n<p>&nbsp;<\/p>\n<p><strong><span style=\"color: #ff0000;font-size: 18pt\"><i><b>Come funziona il percorso che vivranno i clan siciliani? <\/b><\/i><\/span><\/strong><\/p>\n<p>&nbsp;<\/p>\n<p><strong>L\u2019attivit\u00e0 si compone di 3 semplici fasi<\/strong><\/p>\n<p>&nbsp;<\/p>\n<p><strong>FASE1: L\u2019elezione del rappresentante (a cura dei capiclan\/fuoco)<\/strong><\/p>\n<p><strong><em>Dal 20 aprile al 20 maggio<\/em><\/strong><\/p>\n<p>Durante una riunione il clan\/fuoco individuer\u00e0 il rappresentante attraverso un\u2019attivit\u00e0 che possa coinvolgere tutto il clan\/fuoco nella definizione di una persona adatta a ricoprire quel ruolo, secondo la sua esperienza, talento, punto della strada. (nel link sotto le indicazioni per scegliere il rappresentante).<\/p>\n<\/div>\n<p><span style=\"color: #3366ff\"><strong><a style=\"color: #3366ff\" href=\"https:\/\/sicilia.agesci.it\/brancars\/wp-content\/uploads\/sites\/4\/2021\/04\/INDICAZIONI-PER-LA-SCELTA-DEL-RAPPRESENTANTE.pdf\">Clicca qui<\/a><\/strong><\/span> per scaricare il documento inerente la proposta di elezione del Rappresentante<\/p>\n<\/div>\n<p>&nbsp;<\/p>\n<div>\n<div>\n<p><strong>Fase2: Il vaso fragile<\/strong><\/p>\n<p><strong><em>Dal 20 aprile al 20 maggio<\/em><\/strong><\/p>\n<p>Durante una riunione di clan\/fuoco il rappresentante (con il supporto dei capi) proporr\u00e0 un\u2019attivit\u00e0 specifica che servir\u00e0 a tirare fuori pensieri, esperienze ed intuizioni che saranno raccolte dal rappresentante affinch\u00e9 possa condividerli in regione nel link sotto il Manuale del rappresentante).<\/p>\n<p>&nbsp;<\/p>\n<\/div>\n<\/div>\n<p><span style=\"color: #3366ff\"><strong><a style=\"color: #3366ff\" href=\"https:\/\/sicilia.agesci.it\/brancars\/wp-content\/uploads\/sites\/4\/2021\/04\/AGORA-MANUALE-DEL-RAPPRESENTANTE.pdf\">Clicca qui<\/a><\/strong><\/span> per scaricare il documento inerente ci\u00f2 che deve fare e sapere il Rappresentante eletto nei C\/F<\/p>\n<p>&nbsp;<\/p>\n<div>\n<div>\n<p><strong><em>Entro il 20 maggio<\/em><\/strong>&nbsp;i rappresentanti dovranno inviare il materiale prodotto attraverso un form (riceveranno il link in seguito), inserendo nella scheda di partecipazione dei testi riassuntivi dell\u2019attivit\u00e0 fatta in clan: ferite e cure.&nbsp;<\/p>\n<p>&nbsp;<\/p>\n<p><strong>Fase 3: L\u2019agor\u00e0<\/strong><\/p>\n<p><strong>Venerd\u00ec 28 maggio<\/strong><\/p>\n<p>Il rappresentante sar\u00e0 chiamato a partecipare a una tavola rotonda online dove porter\u00e0 il contributo del pensiero del suo clan\/fuoco. I capi che animeranno le videochiamate avranno cura di raccogliere tutti i contributi per poi elaborare un documento finale.<\/p>\n<p>&nbsp;<\/p>\n<\/div>\n<\/div>\n<div>\n<div><span style=\"color: #ff0000;font-size: 18pt\"><b>Qual \u00e8 il ruolo dei Rappresentanti dei C\/F siciliani?&nbsp;<\/b><\/span><\/div>\n<div>&nbsp;<\/div>\n<div>\n<div class=\"page\" title=\"Page 1\">\n<div class=\"layoutArea\">\n<div class=\"column\">\n<p>Crediamo che sia importante&nbsp;<strong>dare la parola ai ragazzi e metterci nelle condizioni di ascoltarli davvero<\/strong>. Lo strumento dell\u2019Agor\u00e0 (che \u00e8 frutto diretto dell\u2019articolo 7 e 7bis) per la branca RS siciliana \u00e8 sempre stato occasione preziosa per ascoltare il pensiero dei nostri ragazzi affinch\u00e9 le nostre proposte educative rispondano ai loro bisogni e alle loro esigenze.<\/p>\n<p>&nbsp;<\/p>\n<\/div>\n<\/div>\n<\/div>\n<\/div>\n<\/div>\n<div>&nbsp;<\/div>\n<div>&nbsp;<\/div>\n<div style=\"text-align: right\">\n<p>&nbsp;<\/p>\n<p>Speriamo che questa proposta possa essere occasione per i clan\/fuoco di fermarsi a rileggere il tempo che stiamo vivendo, per uscirne tutti migliori.&nbsp;&nbsp;<\/p>\n<p>&nbsp;<\/p>\n<p>Per qualsiasi altro chiarimento o informazione potete rivolgervi ai vostri incaricati di zona.<\/p>\n<p>&nbsp;<\/p>\n<p><strong>Buona Strada<\/strong><\/p>\n<p><strong>Sergio, Pia, don Pietro e la pattuglia regionale RS<\/strong><\/p>\n<\/div>\n","protected":false},"excerpt":{"rendered":"<p>AGORA&#8217; 2021 &#8220;Le poche cose che contano&#8221; &nbsp; Benvenuti nella pagina di approfondimento su &#8220;#AGORA&#8217; 2021 &#8211; Le poche cose che contano&#8221;, curare le ferite guarire il mondo. Qui di [&hellip;]<\/p>\n","protected":false},"author":24,"featured_media":3269,"parent":0,"menu_order":0,"comment_status":"closed","ping_status":"closed","template":"","meta":{"ngg_post_thumbnail":0,"footnotes":""},"categories":[23,28,673,66],"tags":[],"class_list":["post-3268","page","type-page","status-publish","has-post-thumbnail","hentry","category-branca-rs","category-capi-rs","category-in-evidenza","category-rs"],"_links":{"self":[{"href":"https:\/\/sicilia.agesci.it\/brancars\/wp-json\/wp\/v2\/pages\/3268","targetHints":{"allow":["GET"]}}],"collection":[{"href":"https:\/\/sicilia.agesci.it\/brancars\/wp-json\/wp\/v2\/pages"}],"about":[{"href":"https:\/\/sicilia.agesci.it\/brancars\/wp-json\/wp\/v2\/types\/page"}],"author":[{"embeddable":true,"href":"https:\/\/sicilia.agesci.it\/brancars\/wp-json\/wp\/v2\/users\/24"}],"replies":[{"embeddable":true,"href":"https:\/\/sicilia.agesci.it\/brancars\/wp-json\/wp\/v2\/comments?post=3268"}],"version-history":[{"count":2,"href":"https:\/\/sicilia.agesci.it\/brancars\/wp-json\/wp\/v2\/pages\/3268\/revisions"}],"predecessor-version":[{"id":3273,"href":"https:\/\/sicilia.agesci.it\/brancars\/wp-json\/wp\/v2\/pages\/3268\/revisions\/3273"}],"wp:featuredmedia":[{"embeddable":true,"href":"https:\/\/sicilia.agesci.it\/brancars\/wp-json\/wp\/v2\/media\/3269"}],"wp:attachment":[{"href":"https:\/\/sicilia.agesci.it\/brancars\/wp-json\/wp\/v2\/media?parent=3268"}],"wp:term":[{"taxonomy":"category","embeddable":true,"href":"https:\/\/sicilia.agesci.it\/brancars\/wp-json\/wp\/v2\/categories?post=3268"},{"taxonomy":"post_tag","embeddable":true,"href":"https:\/\/sicilia.agesci.it\/brancars\/wp-json\/wp\/v2\/tags?post=3268"}],"curies":[{"name":"wp","href":"https:\/\/api.w.org\/{rel}","templated":true}]}}

Agorà2021

<p style="text-align: center"><span style="font-size: 36pt"><strong>AGORA&#8217; 2021</strong></span></p>
<p style="text-align: center"><span style="font-size: 36pt"><strong>&#8220;Le poche cose che contano&#8221;</strong></span></p>
<p style="text-align: center"><a href="https://sicilia.agesci.it/brancars/wp-content/uploads/sites/4/2021/04/WhatsApp-Image-2021-04-20-at-17.11.28.jpeg"><img loading="lazy" decoding="async" class="alignnone size-medium wp-image-3269" src="https://sicilia.agesci.it/brancars/wp-content/uploads/sites/4/2021/04/WhatsApp-Image-2021-04-20-at-17.11.28-300x300.jpeg" alt="" width="300" height="300" srcset="https://sicilia.agesci.it/brancars/wp-content/uploads/sites/4/2021/04/WhatsApp-Image-2021-04-20-at-17.11.28-300x300.jpeg 300w, https://sicilia.agesci.it/brancars/wp-content/uploads/sites/4/2021/04/WhatsApp-Image-2021-04-20-at-17.11.28-1024x1024.jpeg 1024w, https://sicilia.agesci.it/brancars/wp-content/uploads/sites/4/2021/04/WhatsApp-Image-2021-04-20-at-17.11.28-150x150.jpeg 150w, https://sicilia.agesci.it/brancars/wp-content/uploads/sites/4/2021/04/WhatsApp-Image-2021-04-20-at-17.11.28-768x768.jpeg 768w, https://sicilia.agesci.it/brancars/wp-content/uploads/sites/4/2021/04/WhatsApp-Image-2021-04-20-at-17.11.28-1536x1536.jpeg 1536w, https://sicilia.agesci.it/brancars/wp-content/uploads/sites/4/2021/04/WhatsApp-Image-2021-04-20-at-17.11.28-130x130.jpeg 130w, https://sicilia.agesci.it/brancars/wp-content/uploads/sites/4/2021/04/WhatsApp-Image-2021-04-20-at-17.11.28.jpeg 1600w" sizes="auto, (max-width: 300px) 100vw, 300px" /></a></p>
<p>&nbsp;</p>
<p style="text-align: center">Benvenuti nella pagina di approfondimento su &#8220;<strong>#AGORA&#8217; 2021 &#8211; Le poche cose che contano&#8221;</strong>, curare le ferite guarire il mondo.</p>
<p style="text-align: center">Qui di seguito troverete tutte le informazioni utili per partecipare a questa nuova edizione de l&#8217;<strong>Agorà degli RS Siciliani</strong>, materiale informativo, linee guida, ecc.</p>
<p>&nbsp;</p>
<p style="text-align: center">Per guardare il <strong><span style="color: #ff0000;font-size: 18pt">TEASER UFFICIALE</span> <span style="color: #3366ff"><a style="color: #3366ff" href="https://drive.google.com/file/d/1OQcQ6qL4MwVJiz7YqWLNq2LjlGp8pBSk/view?usp=sharing">clicca qui</a></span></strong>.</p>
<div style="text-align: center">&nbsp;</div>
<div>&nbsp;</div>
<div>
<div><span style="color: #ff0000;font-size: 18pt"><i><b>#Agorà2021</b></i></span></div>
<div>&nbsp;</div>
<div>
<p>Carissimi,</p>
<p>la sfida della pandemia ha colpito la nostra quotidianità in maniera totalizzante. Tutto quello che prima era “normale” oggi risulta trasformato, trasfigurato. Insieme a San Paolo siamo consapevoli che&nbsp;<em>“La creazione stessa attende con impazienza la rivelazione dei figli di Dio;&nbsp;essa infatti è stata sottomessa alla caducità e nutre la speranza&nbsp;di essere lei pure liberata dalla schiavitù della corruzione, per entrare nella libertà&nbsp;dei figli di Dio”</em>&nbsp;e che, oggi più che mai, siamo chiamati a ritrovare una relazione serena tra noi e con la nostra casa comune, illuminata dalla Speranza.&nbsp;<strong>“Poiché nella speranza noi siamo stati salvati”.</strong></p>
<p>&nbsp;</p>
<p>Gettando il cuore oltre l’ostacolo,&nbsp;<strong>vogliamo sognare un mondo in cui potremo riabbracciarci</strong>&nbsp;e tornare a fare le cose che facevamo prima con il coraggio però di&nbsp;<strong>non farle più allo stesso modo</strong>, cogliendo la preziosa occasione di gettare alle spalle ciò che non era sano per lasciare questo mondo un po’ migliore.</p>
<p>&nbsp;</p>
<p>Per questo motivo, confrontandoci con gli IABZ RS, abbiamo deciso&nbsp;<strong>di chiedere a tutti i clan/fuoco della regione un contributo di pensiero</strong>: la società, la Chiesa, l’associazione hanno fortemente bisogno del pensiero dei nostri ragazzi che, troppo spesso, durante questo periodo sono stati ascoltati poco.</p>
<p>&nbsp;</p>
<p>Vogliamo chiedere loro quali sono –secondo la loro diretta esperienza-&nbsp;<strong>le ferite che si sono aperte durante questo periodo e quali potranno essere le attenzioni e le cure per “guarire il mondo”</strong>&nbsp;dalle sue malattie che, con la diffusione del virus, si sono acuite: indifferenza, diseguaglianza, ingiustizia, povertà, solitudine&#8230;</p>
<p>&nbsp;</p>
<p>Vogliamo chiedere alle scolte e ai rover quali saranno quelle&nbsp;<strong>“poche cose che contano”</strong>&nbsp;che dovranno essere i punti di riferimento per le nostre azioni future.</p>
<p>&nbsp;</p>
<p>Per fare tutto questo vogliamo coinvolgere i clan/fuoco affinché eleggano un rappresentante che possa stimolare gli R/S ad&nbsp;<strong>elaborare un pensiero da portare al livello regionale</strong>, così da produrre un contributo prezioso che avrà una ricaduta sui clan/fuoco stessi e sarà spunto utile per l’associazione tutta.</p>
<p>&nbsp;</p>
<p><strong><span style="color: #ff0000;font-size: 18pt"><i><b>Come funziona il percorso che vivranno i clan siciliani? </b></i></span></strong></p>
<p>&nbsp;</p>
<p><strong>L’attività si compone di 3 semplici fasi</strong></p>
<p>&nbsp;</p>
<p><strong>FASE1: L’elezione del rappresentante (a cura dei capiclan/fuoco)</strong></p>
<p><strong><em>Dal 20 aprile al 20 maggio</em></strong></p>
<p>Durante una riunione il clan/fuoco individuerà il rappresentante attraverso un’attività che possa coinvolgere tutto il clan/fuoco nella definizione di una persona adatta a ricoprire quel ruolo, secondo la sua esperienza, talento, punto della strada. (nel link sotto le indicazioni per scegliere il rappresentante).</p>
</div>
<p><span style="color: #3366ff"><strong><a style="color: #3366ff" href="https://sicilia.agesci.it/brancars/wp-content/uploads/sites/4/2021/04/INDICAZIONI-PER-LA-SCELTA-DEL-RAPPRESENTANTE.pdf">Clicca qui</a></strong></span> per scaricare il documento inerente la proposta di elezione del Rappresentante</p>
</div>
<p>&nbsp;</p>
<div>
<div>
<p><strong>Fase2: Il vaso fragile</strong></p>
<p><strong><em>Dal 20 aprile al 20 maggio</em></strong></p>
<p>Durante una riunione di clan/fuoco il rappresentante (con il supporto dei capi) proporrà un’attività specifica che servirà a tirare fuori pensieri, esperienze ed intuizioni che saranno raccolte dal rappresentante affinché possa condividerli in regione nel link sotto il Manuale del rappresentante).</p>
<p>&nbsp;</p>
</div>
</div>
<p><span style="color: #3366ff"><strong><a style="color: #3366ff" href="https://sicilia.agesci.it/brancars/wp-content/uploads/sites/4/2021/04/AGORA-MANUALE-DEL-RAPPRESENTANTE.pdf">Clicca qui</a></strong></span> per scaricare il documento inerente ciò che deve fare e sapere il Rappresentante eletto nei C/F</p>
<p>&nbsp;</p>
<div>
<div>
<p><strong><em>Entro il 20 maggio</em></strong>&nbsp;i rappresentanti dovranno inviare il materiale prodotto attraverso un form (riceveranno il link in seguito), inserendo nella scheda di partecipazione dei testi riassuntivi dell’attività fatta in clan: ferite e cure.&nbsp;</p>
<p>&nbsp;</p>
<p><strong>Fase 3: L’agorà</strong></p>
<p><strong>Venerdì 28 maggio</strong></p>
<p>Il rappresentante sarà chiamato a partecipare a una tavola rotonda online dove porterà il contributo del pensiero del suo clan/fuoco. I capi che animeranno le videochiamate avranno cura di raccogliere tutti i contributi per poi elaborare un documento finale.</p>
<p>&nbsp;</p>
</div>
</div>
<div>
<div><span style="color: #ff0000;font-size: 18pt"><b>Qual è il ruolo dei Rappresentanti dei C/F siciliani?&nbsp;</b></span></div>
<div>&nbsp;</div>
<div>
<div class="page" title="Page 1">
<div class="layoutArea">
<div class="column">
<p>Crediamo che sia importante&nbsp;<strong>dare la parola ai ragazzi e metterci nelle condizioni di ascoltarli davvero</strong>. Lo strumento dell’Agorà (che è frutto diretto dell’articolo 7 e 7bis) per la branca RS siciliana è sempre stato occasione preziosa per ascoltare il pensiero dei nostri ragazzi affinché le nostre proposte educative rispondano ai loro bisogni e alle loro esigenze.</p>
<p>&nbsp;</p>
</div>
</div>
</div>
</div>
</div>
<div>&nbsp;</div>
<div>&nbsp;</div>
<div style="text-align: right">
<p>&nbsp;</p>
<p>Speriamo che questa proposta possa essere occasione per i clan/fuoco di fermarsi a rileggere il tempo che stiamo vivendo, per uscirne tutti migliori.&nbsp;&nbsp;</p>
<p>&nbsp;</p>
<p>Per qualsiasi altro chiarimento o informazione potete rivolgervi ai vostri incaricati di zona.</p>
<p>&nbsp;</p>
<p><strong>Buona Strada</strong></p>
<p><strong>Sergio, Pia, don Pietro e la pattuglia regionale RS</strong></p>
</div>
